. Let q be (-2)/5 + (-4)/(-10). Determine p(q).
1
Suppose 2*a - 3 - 1 = 0. Let t(i) be the first derivative of -2*i**2 + 2/3*i**3 + a*i + 2 - 1/4*i**4. Give t(2).
-6
Let r be (-1)/(((-6)/(-2))/(-24)). Let v(j) = -j + j**2 - r*j - 1 + 8 + 2. Determine v(6).
-9
Suppose -2 - 25 = -9*l. Let m(t) = -3*t**2 + 5*t - 2. Give m(l).
-14
Suppose -2*f + 1 = -5. Let a(i) = -5*i + 0*i - i - i**2 + f. Calculate a(-4).
11
Let a(r) = -r**3 - 2*r**2 + 2*r + 2. Let d(b) = b + 7. Suppose 4*m - 3*u = -m - 37, 4*m + 36 = 4*u. Let i be d(m). Let y be 5/(-2) + 1/i. Give a(y).
-2
Let j(n) be the first derivative of n**3/3 + 3*n**2/2 - n + 3. Let t(w) be the first derivative of j(w). Give t(3).
9
Let h(q) = q**3 - 4*q**2 - 4*q - 5. Let b(s) = -s**3 + 18. Let z be b(0). Suppose 4*f - z = 2. Determine h(f).
0
Let q(h) = -3*h**2 + 11*h + 1. Let z(j) = 2*j**2 - 10*j - 1. Let d = 4 + -1. Let c(y) = d*q(y) + 4*z(y). Determine c(-6).
5
Suppose -4*q = 9*q - 3*q. Let w(x) = x - 2. Calculate w(q).
-2
Let h = 2 - 3. Let y = h + 3. Let t(l) = 8*l**3 - 8*l**2 + 3*l + 3. Let q(b) = 9*b**3 - 9*b**2 + 4*b + 3. Let o(v) = -6*q(v) + 7*t(v). Determine o(y).
5
Let h be 2 + 2/(-4)*0. Let j(z) = -z**3 - 69 + 2*z + 4*z**2 + 70 - 4*z. Determine j(h).
5
Let g be (-10)/14 + (-4)/14. Let z(r) = 12*r**3 + r**2. Determine z(g).
-11
Let c(k) be the third derivative of 0*k + 0*k**3 + 0 - 3*k**2 - 1/3*k**4. Let t = -1 - -2. Determine c(t).
-8
Let g(m) = m**3 + 8*m**2 - 8*m + 12. Let s(w) = -w**2 - 3*w + 1. Let q be s(-5). Let i be g(q). Let l(a) = 3 - 5 + a**2 + i*a - a. Calculate l(-3).
1
Let h = 0 - 1. Let v = h - -4. Let i = 5 - v. Let u(k) = -k**3 + 4*k**2 - 2*k - 1. Determine u(i).
3
Let a = -6 - -11. Suppose 2*x - 23 = -a*n, -4*n - x + 0*x = -16. Let o(h) = h**3 - 2*h**2 - 4*h - 1. Calculate o(n).
-4
Let u = -4 + 6. Let m(y) = 4 - y**u + 2*y - 4*y - 3*y. What is m(-5)?
4
Let y(u) = -6*u - 1. Suppose 0*p = -2*p + 10. Let x(g) = -g - 1. Let h(t) = p*x(t) - y(t). Suppose -l = l. Give h(l).
-4
Suppose -4 + 5 = s. Suppose 2*m - 5*o = 10, 10 = -3*o - 2*o. Let n(t) = m*t - 1 + 0*t + 3*t - 4*t. Give n(s).
-2
Let j = 8 - 11. Let q(v) = v**3 + 2*v**2 + 6*v - 3 - 3*v - 8*v. Give q(j).
3
Let x be (-1 + -4)*7/(-5). Let y(p) = 2*p - 6. Determine y(x).
8
Let u = 2 + 2. Let w(f) = -f**3 + 5*f**2 - 3*f + 3. Determine w(u).
7
Let r(c) = 7*c**2 + 0*c**2 - 12 + c**3 - 5*c - 2*c + 22. Determine r(-8).
2
Let j(p) = -8*p + 1. Let k(m) = -23*m + 2. Let h(n) = 11*j(n) - 4*k(n). What is h(-4)?
-13
Let l(j) = 4*j + 2. Suppose 2*b - 4 = -0. Calculate l(b).
10
Let m(b) = b**3 - b**2 - 3*b - 4. Let k = 0 + 3. Determine m(k).
5
Let o(a) be the second derivative of -a**5/24 - a**4/12 - a**3/3 + 6*a. Let j(y) be the second derivative of o(y). Calculate j(-2).
8
Let t be 0 + 24/(-4) + 7. Let a(b) be the first derivative of 0*b**2 - 1/4*b**4 + 1 + 0*b**3 + 0*b. Determine a(t).
-1
Suppose -2*w + 2*c + 4 = 0, 0 = -3*w + 2*c + 2 - 1. Let t(y) be the third derivative of y**6/120 + y**5/15 + y**4/8 + y**3/2 - 8*y**2. Determine t(w).
3
Let x(r) be the second derivative of r**4/4 + r**3/6 - r. Suppose -4*d - 2 = 18. Let o be ((-2)/d)/(3/(-15)). What is x(o)?
10
Let p(i) = -i**3 + 6*i**2 + 10*i - 3. Let o = -24 - -31. Determine p(o).
18
Let k = -1 - -1. Let d(s) be the second derivative of 3*s - s**2 - 1/12*s**4 + 0 - 1/6*s**3. Calculate d(k).
-2
Suppose -6 = -m + 2. Let w(o) = 3*o - m + 13 - o. Calculate w(-4).
-3
Let m(g) = g**3 - 5*g**2 - 7*g + 6. Suppose 4*n = 2*p + 20, -2*p + 1 = 2*n + n. Suppose 5*o = -n*i - i + 46, -o + 22 = 4*i. Determine m(o).
0
Let u(i) be the third derivative of i**6/120 + 3*i**5/20 + 7*i**4/24 - 11*i**3/6 + i**2. Let c be u(-8). Let x(r) = -r**2 - 2*r + 4. Give x(c).
1
Let r be (2/(-3))/(2/6). Let v(f) = -f - 1. Let a = -11 - -12. Let g(m) = -m - 4. Let k(l) = a*g(l) - 3*v(l). Calculate k(r).
-5
Suppose 3 = 2*u - g, 0*g - 12 = -2*u - 2*g. Suppose -4*o + 3*m = -m + 32, -u*m + 12 = 0. Let r(k) = -k + 3. Calculate r(o).
7
Let o(m) = -m - 3. Let b be o(-7). Let g(h) be the third derivative of 0*h + 0 + 2/3*h**3 - h**2 + 1/12*h**5 - 1/120*h**6 - 1/8*h**4. Give g(b).
8
Let h(a) = -a**3 - 5*a**2 + 7*a + 9. Let i = -46 + 40. Calculate h(i).
3
Let o(i) = 244*i - 244*i - 9*i**2 + 3*i**2 + 1. Give o(1).
-5
Let r(d) be the second derivative of d**4/12 - d**3 - 5*d**2 + 12*d. Give r(7).
-3
Let m(i) = 3*i - 6. Let p be m(3). Let r = p - -1. Let v(k) = k**3 - 3*k**2 - 3*k + 3. What is v(r)?
7
Let b be -3 - -2*2/4. Let z(r) = 0*r**2 - 2*r + 2*r**2 + 79 - 77 - 4*r**2. Give z(b).
-2
Let a = -268 + 184. Let b be (-10)/(-8) - (-21)/a. Let u(r) = -11*r**3 + 2*r**2 - 1. Determine u(b).
-10
Let l(k) = 7*k**3 + 2*k**2 - 1. Let z = -8 - -23. Suppose 2*m + 9 = -i, -2*m - m = z. Calculate l(i).
8
Let s(v) = -7*v**3 + 11*v**2 + 6*v - 6. Let c(n) = -13*n**3 + 21*n**2 + 12*n - 11. Let t(r) = -6*c(r) + 11*s(r). Suppose 18 = -p + 4*p. What is t(p)?
0
Let t be 66/14 + 4/14. Let w(g) be the second derivative of g**5/20 - g**4/3 - g**3/2 - 3*g**2 + 4*g. Calculate w(t).
4
Let c(n) = -3*n**3 - n**2 - 3*n + 1. Let x(y) = -4*y**3 - 4*y. Let v(h) = 5*c(h) - 4*x(h). Determine v(4).
-7
Let d(a) = a**2 - 14*a - 12. Let l be d(15). Let m(s) = -s**3 + 3*s**2 + 4*s - 4. What is m(l)?
8
Let z(s) = -2*s**2 - s. Suppose -6*j + 9*j = 3. Calculate z(j).
-3
Let z(c) = -3*c**3 - 8*c**2 + 2*c**3 + 4*c - 12*c - 4. Suppose 8 - 29 = 3*g. What is z(g)?
3
Let m(n) = 1 + n**2 - 34*n - 36*n + 68*n + 3*n**3 - 2*n**3. What is m(-2)?
1
Let n(t) = -3*t**3 - 3*t**2 + 3*t - 6. Let x(r) = r**3 + r**2 - r - 1. Let l(s) = -n(s) - 2*x(s). Give l(0).
8
Suppose -3*b = -2*b. Let l be (b - 2)*5/2. Let k(i) = -2*i + 8. Let j(d) = d - 4. Let p(g) = -5*j(g) - 3*k(g). What is p(l)?
-9
Let c be (2 - 1) + (-14)/2. Let k(v) be the second derivative of v**3/3 + 9*v**2/2 - 40*v. Determine k(c).
-3
Let p(l) be the second derivative of 1/12*l**4 + 1/6*l**3 - l**2 - 4*l + 0. Give p(-3).
4
Let w(y) be the third derivative of y**6/240 - y**4/6 - 3*y**2. Let s(u) be the second derivative of w(u). Determine s(-3).
-9
Let d(a) = -a**2 + 4*a. Let m(b) = b + 5. Let g(z) = 3*z + 10. Let c(r) = 2*g(r) - 5*m(r). Suppose 0 = -4*p - 2*p + 60. Let t be c(p). Determine d(t).
-5
Let m(a) = 2*a + 3. Let v = -31 - -29. Give m(v).
-1
Let r(y) be the second derivative of y**4/12 + y**2/2 - 15*y. Calculate r(-3).
10
Let h(q) = -5 + 1 + 1 + 0 + 2*q. What is h(3)?
3
Let g(v) be the first derivative of v - 1/4*v**4 - 1/3*v**3 - 6 + v**2. Give g(-2).
1
Let m(d) be the first derivative of d**3/3 + 2*d**2 + 3*d + 44. Determine m(-4).
3
Let l = -2 + 4. Let a(w) = 3*w**l + 0 + 3 - 5*w - 4*w**2. Let d be a(-5). Let k(o) = -2*o**2 + 2*o + 3. Give k(d).
-9
Let z(t) = -t**3 + 5*t**2 - 7*t - 3. Let p(y) = -2*y**3 + 10*y**2 - 13*y - 5. Let g(s) = -4*p(s) + 7*z(s). Let h = 6 + -2. What is g(h)?
-5
Let v(k) = k + 1 - 2 + 4. Let j = -4 - -6. Let d be j/(5/(30/(-4))). Determine v(d).
0
Let q(y) = y + y + 0*y**3 + y**3 - 2 + 4*y**2. Let w be (-23)/(-7) + (-4)/14. Suppose -29 = 2*t + 5*p, p - w = -t + 5*t. What is q(t)?
2
Let h(a) be the third derivative of -a**6/120 - a**5/60 - a**4/12 - a**3/3 + 9*a**2. Give h(-2).
6
Let d(z) = -5 - 18*z**2 + 17*z**2 - z + 3*z + 3*z. Calculate d(5).
-5
Let l(y) = -2*y**2 - 20. Let m(j) = -3*j**2 - 30. Let d(r) = 8*l(r) - 5*m(r). Determine d(0).
-10
Let u(t) = -t**3 + 3 + 5*t**2 + 2*t**3 + 2*t**2. Let l be 61/(-9) + (-4)/18. Calculate u(l).
3
Suppose 2 - 6 = -2*j. Let i(z) = 6 + z**2 + 3*z - 8*z + 0*z**j. Suppose 0 = 4*h + d - 18, 0*d = -d - 2. What is i(h)?
6
Let h(v) = -v**3. Let d(q) = 7*q**3 - q**2 - 2. Let s(x) = -d(x) - 6*h(x). Suppose -3*w = 2*z - 0*z - 12, -3*w = -2*z - 12. Give s(z).
2
Let x = 3 - 2. Let b be -3 - (-2 + (x - -1)). Let k(a) = a**3 + 2*a**2 - 3*a - 3. Give k(b).
-3
Suppose -21*l + 2 = -20*l. Let t(f) = -2*f**3 + 4*f**2 - 2*f - 2. What is t(l)?
-6
Let n(s) = s**2 - 6*s - 6. Let i = 7 + -1. Let x be n(i). Let f(u) = 3*u + 6. Calculate f(x).
-12
Let n(p) be the third derivative of -p**6/120 - p**5/60 - p**3/6 + 4*p**2. Suppose -5*q + 0*q = 0. Let i = q + -2. Calculate n(i).
3
Let m(y) = -y + 1. Suppose 0*u - 6*u + 18 = 0. Determine m(u).
-2
Let d(f) be the first derivative of -f**3/3 + 7*f**2/2 - 5*f - 1. Let h(m) = -m**3 + 4*m**2 + 5*m. Let s be h(4). Suppose 7*c - 3*c - 